ivisor of 52 and l?
13
Let d be 4 - (2 - (-20)/(-8))*62. What is the highest common divisor of 245 and d?
35
Let s = -59 - -73. Suppose 0 = -2*p - 2*p + 56. What is the highest common divisor of p and s?
14
Let g(i) = 7*i**2 - 5*i + 3. Let z be g(-4). Let m(v) = v**2 + 7*v - 3. Let l be m(-8). Suppose 8*w = l*w + 45. What is the highest common divisor of z and w?
15
Suppose -4*w + 83 = -w - 5*b, -4*w + 64 = 5*b. Let t = w + -13. What is the highest common factor of 8 and t?
8
Let u be 2/(3/((-99)/(-6))). Let c be u/3 + (-6)/9. What is the highest common factor of c and 12?
3
Suppose 0*n = 2*n - 4*i - 168, -4*i = 0. What is the greatest common divisor of n and 12?
12
Suppose 4*q - 56 = 4*b, 28 + 52 = 4*q + 2*b. Suppose -i + q = 6. Let g = -134 - -266. Calculate the greatest common factor of g and i.
12
Let k = 6 - 6. Suppose k = -4*z - 36 + 156. What is the highest common factor of z and 6?
6
Suppose 0 = 4*o - 9 - 87. What is the highest common divisor of 60 and o?
12
Let h(w) = w**2 + w - 3. Let b be h(4). Suppose p = 1 + b. What is the highest common divisor of 18 and p?
18
Let p = 5 - 14. Let b = 29 - 44. Let l = p - b. Calculate the greatest common factor of l and 6.
6
Let f = 16 + -9. Suppose -f*i + 5*i + 378 = 0. Calculate the greatest common divisor of 21 and i.
21
Suppose -24*h + 609 = -21*h. Calculate the greatest common divisor of h and 29.
29
Let t be (1 - (3 - 0)) + 11. Let i be -27*(60/t)/(-5). Calculate the highest common factor of i and 12.
12
Let g be ((-153)/(-3))/3 + 1. Let h = 48 - g. What is the highest common divisor of 75 and h?
15
Let b(l) = 8*l. Let w(r) = r - 6. Let t be w(6). Let g be t - -5*1*1. Let c be b(g). What is the highest common divisor of 8 and c?
8
Let s be (0/(-1)*-1)/2. Let t(d) = d**3 - d**2 + 75. Let u be t(s). Calculate the highest common factor of u and 30.
15
Let t be ((-1)/((-2)/20))/2. Let l = t - -3. Suppose 4 = -4*m + l. Calculate the greatest common divisor of 1 and m.
1
Suppose 2*z - 2*b = 2*b - 10, 4*b = 3*z + 9. Suppose 5*u - 9 - z = 0. Let o be (u - (3 + -3)) + 1. Calculate the greatest common divisor of o and 27.
3
Suppose -244 = -4*f + 2*k, -f + 248 = 3*f - 4*k. Let n = f + 30. What is the greatest common factor of n and 36?
18
Suppose 5*r - 22 = 3*r. Calculate the greatest common divisor of r and 121.
11
Suppose 4*g - 7*g = -75. Suppose -5*u = -105 + 25. Let x = g - u. What is the greatest common divisor of x and 6?
3
Let i = 27 + -18. What is the greatest common factor of 99 and i?
9
Let o = 166 + -62. Suppose 4*z = -o + 440. Suppose 3*n - z = -0*n. What is the highest common factor of n and 4?
4
Let t(l) = 22*l + 1. Let n be t(2). Suppose -4*w + 7*w = 15. Let d = w + 10. What is the greatest common divisor of n and d?
15
Let w = 13 + -18. Let n be w/(-10)*(0 - -16). Let c = n + -6. What is the highest common divisor of 2 and c?
2
Suppose 4*m = 9 - 1. Suppose -m*o = o - 9. What is the greatest common divisor of 2 and o?
1
Let j(m) = -3*m - 6. Let h be j(-5). Let p(l) = -l - 2*l + 3*l - l**2 + 19*l**3. Let a be p(1). What is the highest common factor of h and a?
9
Suppose -4*s + 657 = -3*m, 27 = 3*s - 3*m - 468. Let p be (-24)/10*(-45)/6. What is the greatest common factor of p and s?
18
Let b be (6 + -190)/((1 - -1)*-1). Calculate the highest common divisor of 4 and b.
4
Suppose -39 = 2*h - 5*h. Suppose 18*k - 723 = 1149. What is the highest common divisor of h and k?
13
Let s(y) = -118*y + 116*y + 2*y**2 + 0*y**2. Let j be s(4). Calculate the greatest common divisor of j and 48.
24
Suppose -3*x + 8*x - 75 = 5*b, 0 = -5*x - b + 75. What is the highest common divisor of x and 45?
15
Let n = -161 + 236. What is the highest common factor of 25 and n?
25
Let r be (16/(-6))/((-6)/9). Let h = 7 - r. Suppose -10 + 130 = h*i. What is the greatest common divisor of 16 and i?
8
Let d = -76 + 137. Let a = d + -28. Let f = 2 + 1. Calculate the highest common factor of a and f.
3
Suppose -480 = -2*a - 2*j, -660 = -4*a + j + 300. Calculate the highest common factor of 30 and a.
30
Let n = 166 - 56. Let d(q) = 4*q**2 - 26*q - 4. Let s be d(7). Calculate the highest common divisor of s and n.
10
Let o(h) = -h - 1. Suppose -2*w = 2*l - 2, 9 = -0*w + w + 3*l. Let p be o(w). Suppose 0 = -p*f - 2*f + 28. What is the highest common factor of f and 77?
7
Let w(o) = 21*o - 24. Let k be w(4). Let s(a) = a**3 - 6*a**2 + 2*a - 2. Let r be s(6). Calculate the highest common divisor of r and k.
10
Let r(t) = -t**3 - 11*t**2 - 11*t + 6. Let y be r(-10). Calculate the highest common divisor of 16 and y.
16
Let d(b) = b - 2. Let o be d(5). Suppose -r - 60 = -o*h + 2*r, 4*h + 3*r = 87. Suppose h = 3*y - 0*y. What is the greatest common factor of 49 and y?
7
Suppose -4*c = -2*z + 44, -5*c = 4*z - 3*c - 38. Let y(u) = 4*u**2 + 17*u + 8. Let v be y(-4). Calculate the greatest common factor of z and v.
4
Let w(x) = -19*x**3 - x**2 + 3*x + 1. Let g be w(-2). Suppose -5*j + 71 = 6. Calculate the greatest common factor of j and g.
13
Suppose -4*f + 2*f - 10 = 0. Let p(o) = o**2 + 4*o - 1. Let q be p(f). What is the greatest common divisor of q and 4?
4
Suppose 3*z - 30 - 6 = 0. Suppose -36 = -2*u + 3*u. Let d = u + 54. What is the greatest common factor of z and d?
6
Let n be (2*-3)/(1/(-15)). Suppose h + 8 + 8 = 0. Let v = 34 + h. What is the greatest common divisor of n and v?
18
Let v be (-2 + 0)/(1/(-18)). Calculate the greatest common divisor of 4 and v.
4
Suppose -3*q = -2*q - 5. Suppose -5*g - u = -2, 5*g = g + q*u - 10. Let r = g + 1. Calculate the greatest common divisor of r and 1.
1
Let k be (-52)/(-14) + 12/42. What is the highest common divisor of k and 12?
4
Suppose h = -3*j + 125, -j = -4*h + 233 + 202. Let i be (4/(-6))/(1/(-33)). Calculate the greatest common divisor of i and h.
22
Suppose -4*b + 2*b + 20 = 0. What is the highest common factor of b and 40?
10
Let w(u) = 42*u - 7. Let d be w(1). Calculate the highest common divisor of 140 and d.
35
Let c = 13 - 12. Let x(w) = 13*w**3 + 2*w**2 - 1. Let z be x(c). What is the highest common divisor of z and 7?
7
Let i = 43 + -27. Calculate the greatest common factor of i and 144.
16
Let p be 9*((-3)/(-3) + 4). Calculate the highest common factor of p and 9.
9
Let g(y) = -15*y + 7. Let n be g(-8). Let h = n + -91. What is the highest common factor of 4 and h?
4
Let t be (-4)/((-1)/1 - -2). Let p(r) = 6*r**2 + 3*r - 3. Let g be p(t). Let j = 13 - 4. What is the highest common divisor of g and j?
9
Suppose -2*z - 170 = -2*w + z, -4*w = 4*z - 360. Calculate the greatest common factor of 11 and w.
11
Let s(d) = 4*d**2 - d**3 + 2*d**2 - d - 4*d**2. Let a be s(1). Let w be -2 + (a - -3) + 5. What is the highest common divisor of w and 24?
6
Let q be -5*((-24)/(-20))/(-3). Let f be ((-6)/4)/(q/(-24)). What is the greatest common factor of f and 6?
6
Let n be (1/1 - -137) + -3. Let q = n - 63. Let k = 27 + -18. What is the greatest common divisor of q and k?
9
Suppose 5*q - 2*i = 0, -3*q + 4*q - 2*i + 8 = 0. Suppose 0 = 4*s + 2*b - 3*b - 198, -4*b = q*s - 108. What is the greatest common factor of s and 20?
10
Let u(k) = 41*k - 7. Let f be u(3). Let t = -74 + f. Calculate the highest common divisor of t and 14.
14
Let l = -5 - -11. What is the highest common divisor of 2 and l?
2
Let m = -633 - -913. Suppose p - m = -3*p. What is the highest common factor of p and 14?
14
Let m(k) = -k - 6. Let h(f) = 7. Let l(d) = -5*h(d) - 6*m(d). Let a be l(-2). Let w = -3 - a. Calculate the highest common divisor of w and 8.
8
Let t = -26 - -13. Let d be (-3 - -1 - -1)*t. Calculate the highest common divisor of d and 39.
13
Let v(d) = -2*d. Let i be v(-5). Calculate the highest common divisor of i and 5.
5
Suppose -2*f + 2 = 0, -2*s + 64 = 5*f - 9*f. Calculate the highest common divisor of 306 and s.
34
Let g = 1 - -1. Suppose -3*w + 1 + 0 = g*r, 4*w = -3*r + 1. Let n be 16/(r + 3 + 0). Calculate the greatest common factor of 12 and n.
4
Let b = -4 - -1. Let g be (b/(-6))/(2/20). Let l be ((-50)/(-3))/((-14)/(-21)). What is the highest common factor of g and l?
5
Let s(i) = 5*i**2 - 29*i - 3. Let q be s(6). Calculate the greatest common divisor of 5 and q.
1
Suppose -5*q = -5*a - 30 - 35, q + 12 = -4*a. What is the greatest common divisor of 32 and q?
8
Suppose -3*m - 2*b = -401, 